 - 30?
-17
Calculate -15 + 41 + -33 + 11.
4
What is the value of 1 + -9 + 15 + 0 - (0 - 2)?
9
Calculate -3 + -8 + (72 - 51).
10
What is the value of (-10 - (0 + 5 - 18)) + -5?
-2
What is 47 + -32 + (-27 - -2)?
-10
What is the value of -10 - (-5 - (0 + 0) - (-380 - -384))?
-1
Evaluate 12 - (17 + -6 + -5).
6
Evaluate -7 - (-47 + 7 + (31 - 11)).
13
What is 6 - ((-10 - -2) + 13)?
1
Evaluate (1 - 14 - -2) + (-4 - (-10 - -9)).
-14
What is -21 + (25 - 15) + 21?
10
What is the value of (2 - 6) + (2 - 4 - 2)?
-8
Evaluate -5 + 3 + 1 - (-13 + 15).
-3
What is the value of -22 + 17 + 17 - -14 - (8 + -2)?
20
What is the value of 21 - (7 + (-3 - 4) + 5)?
16
Calculate (-7 - (-11 + 0)) + -7 - -6.
3
(-21 - -27) + (3 - (2 + 8)) + -8
-9
Calculate (1 + 8 - -7) + -7 + -10.
-1
Evaluate 8 + -14 + 5 + -8 - (-32 + -2).
25
What is the value of 22 - (2 + 3) - 15?
2
Calculate 15 - (11 + (-14 - -22)).
-4
What is the value of -8 + -9 + -9 + (1 - -8)?
-17
What is the value of -2 + 6 - 13 - 1?
-10
Calculate 0 + (-3 - (-1 - (13 - -2 - 6))).
7
What is the value of 15 - (3 + -2 - -3)?
11
Calculate -4 + 6 - 9 - -8.
1
Evaluate (-17 - -1) + (14 - 22 - -3 - -14).
-7
What is (-2 - 2 - (25 + -58) - 1) + 1?
29
(7 - 22) + (4 - (-3 - -3 - 0))
-11
14 - (7 - (-9 + 14 + -21))
-9
5 - (2 + -8 + 7 - 0)
4
Calculate 18 + 1 - (-2 + (-18 - (-20 - 4))).
15
Calculate -2 + -14 - (-22 + -5).
11
Calculate -3 + 7 + -7 + (4 + 6 - -13).
20
Calculate (8 - 0) + (-23 + 7 - 3).
-11
5 - (0 + 1 + -1) - (35 - 41)
11
What is the value of -19 - -26 - (-34 - -54)?
-13
What is (4 - 10) + 33 + -23?
4
What is (8 - (-9 - -8)) + -7 + -6?
-4
Evaluate -21 + 39 + -3 - 19.
-4
-24 + 10 + 0 + (-5 - 1) - -6
-14
Calculate 11 + -6 + 0 - -8.
13
77 - 83 - (1 - -2 - 5)
-4
Calculate 26 + (-7 + -14 - -18).
23
Evaluate (-14 - -29) + -31 + 0 + 1.
-15
Evaluate 3 + -1 + 1 - (17 + -12 - -12).
-14
What is the value of (5 - (-7 - (1 + -29))) + (-2 - -8)?
-10
Calculate 34 + -50 - (1 - 4 - 4) - -25.
16
0 + (-1 - 1) + 6 + -7 + 2
-1
What is the value of 6 + -168 + 175 + (5 - -3) + 1?
22
Evaluate 30 - (24 + (-32 - -25)).
13
What is -32 + 8 + (7 - (-3 - -5))?
-19
What is (6 - (7 - 4)) + -2 - -6?
7
Evaluate -54 + (-3 - -30) - (-18 + -1).
-8
Calculate -5 - (67 + -60 - (-1 + 4)).
-9
14 - ((-1 - 4) + -4 - -4)
19
What is the value of (90 - 79) + (4 - 2)?
13
-6 + (0 - (0 - 1)) - (583 + -597)
9
Evaluate 0 + (3 + -2 - (-10 - (-11 - 2))).
-2
What is the value of 5 - ((0 - -6) + (22 - 9)) - -6?
-8
What is (-11 - -1) + -56 + (18 - -19)?
-29
What is (-5 - -16 - 5) + -8?
-2
What is the value of (7 - (-40 + 55)) + -1 + 7?
-2
What is -13 + 2 - (-25 + (-15 - -45))?
-16
What is (4 - 3) + 2 + -10 + (3 - -2)?
-2
What is -38 + 45 + -8 + -30?
-31
What is the value of (1 - -7) + (-2 - 4) + 7?
9
What is 4 - 3 - -19 - (7 - (-12 - -17))?
18
What is 2 + 4 + 2 - (20 + -13)?
1
What is 3 + -10 - (-15 + (20 - 20))?
8
What is the value of (0 - 0) + -1 + -919 + 935?
15
Calculate -1 + (-7 - (-2 - -2)) - -1.
-7
Evaluate -9 - -28 - (-3 + 5 + 0).
17
What is 27 + -36 - (-1 - 17)?
9
What is the value of (-25 - -32) + -19 + 5?
-7
What is the value of -5 + (6 + -7 - -9 - 5)?
-2
Calculate 13 + ((-14 - -9) + (1 - -2) - -2).
13
Evaluate (-9 - (0 + -7)) + (0 + -2 - -10).
6
What is -18 - (-11 + 10) - -35?
18
Calculate 10 - (30 - (-42 - -52)).
-10
Evaluate 6 - (9 - 1 - (-126 - -136)).
8
Evaluate -8 + -4 - -9 - 8.
-11
Calculate (24 - 1) + 110 + -118 + 4 + -4.
15
Calculate (1 - (2 + 0)) + (-150 - -161) + -34.
-24
Evaluate -36 + 19 + (-11 - -8 - -10).
-10
Calculate (14 - -2 - 16) + (0 - -3) + 4.
7
What is -24 + 61 + -24 + -34?
-21
What is -18 - (-13 + -4 - -25 - 7)?
-19
What is 3 - ((51 - 26) + -28)?
6
What is -10 + (-3 + 9 - (32 - 35))?
-1
Calculate 11 + -5 + -12 + -2.
-8
Evaluate -9 + 6 + -5 + 7 - (19 + -17).
-3
Evaluate 15 - (-9 + 67 - 36).
-7
(239 - 225) + -13 + 3
4
What is the value of -2 + 2 + -8 + (96 - 98) + 45?
35
Calculate -12 + 3 - (-99 + 83 - (1 + 9)).
17
What is the value of (-32 - -65) + -61 - -13?
-15
Calculate (11 - (-20 + 22)) + (1 - (-5 - 0)).
15
What is 30 + -22 + 5 + -10 + 3?
6
What is the value of (-4 - (-10 + 3 - 3)) + 7 + -20?
-7
(7 - (-21 + 29)) + (0 - 3)
-4
What is 5 + (-8 - -14 - 8) + 8?
11
Evaluate (-54 - (-7 + -15)) + 12.
-20
Evaluate (9 - (16 - 12)) + 3 + -14.
-6
Evaluate -25 + 16 - (-11 + -10) - 26.
-14
3 - ((-4 - -4 - 1) + 2)
2
What is the value of -11 + (-4 - (5 - 15))?
-5
(0 - -11 - (-2 - 0)) + 3 + -7
9
Calculate -14 + (-2 + (8 - 20) - -33).
5
What is the value of (-11 - 36 - -58) + -4?
7
Calculate (48 - 42) + (-1 - (-2 - 12)) + 7.
26
Evaluate -37 + (20 + -14 - -10) - 2.
-23
What is 2 + (-32 - -24) - 5?
-11
Evaluate (2 - 7) + -6 + -1 - -20 - -18.
26
What is 4 + (50 - 65 - (1 + -15))?
3
What is the value of 9 + -1 + 3 + -4 - 3?
4
What is (-11 - -33) + -14 - 0 - 12?
-4
Calculate (8 - (10 + (-11 - -8))) + -5.
-4
41 - 37 - (5 + (-7 - (-5 - -2)))
3
Calculate -10 + 5 - (-10 - -14 - 10).
1
What is the value of 6 + 14 + -1 + (-22 - 0)?
-3
What is 4 - ((-17 - -26) + (-2 - 4))?
1
Evaluate -1 + 15 - (-15 + 1 - -30).
-2
-16 + 18 + -7 + -5
-10
-3 + -1 + (6 - (1 - (-10 + 6)))
-3
Evaluate -415 + 408 + (-1 - -21).
13
(-11 - -9 - 5) + 0 - -1
-6
What is the value of -9 + 6 - (-7 - -8) - -9?
5
What is the value of (2 + 2 + -1 - 3) + (-25 - -24)?
-1
(-1 - -13) + 1 - (-5 + (-43 - -48))
13
What is the value of 5 + 0 + 0 + -5 - 26 - -11?
-15
What is the value of 20 - (-4 - -16 - -1 - -1)?
6
Calculate -9 + 3 + 40 + -38.
-4
Calculate 14 - (36 + 0 + -7) - -41.
26
What is the value of (3 - -2) + -4 + -6 + 3 + 13?
11
What is the value of 104 + -106 - (7 - 0)?
-9
What is the value of (-6 - -3 - -3) + (0 + 9 - 12)?
-3
What is the value of 0 + -1 + 5 - (1 - (-1 - -6))?
8
What is the value of -6 - ((-9 - 1) + 2 + -12 + 19)?
-5
Evaluate 13 - (22 + -21 + 10) - 4.
-2
What is the value of -29 - (-1 + 18 - 32)?
-14
Calculate 131 + -143 - (-1 - 15).
4
What is -8 - -4 - ((6 - 8) + (-1 - -7))?
-8
Evaluate 14 - (4 - -2) - 2.
6
Evaluate 5 - 1 - -1 - (24 - 32).
13
Calculate 9 - (-2 + 4 + 21 - (-205 - -213)).
-6
Calculate -6 - (-4 + (-17 - 1) + 10).
6
What is 11 - 13 - (-14 + 10)?
2
Evaluate (0 - 5) + (2 - 12) + 2.
-13
What is (6 - (-8 + 20)) + -2?
-8
31 - ((-2 - -15) + -7 + (-2 - 6))
33
Evaluate -15 - 1 - (-30 - (-57 + 38)).
-5
Calculate -9 - -11 - (-7 + 2) - (127 + -112).
-8
What is the value of 8 + (7 - 36) + 24?
3
Evaluate (2 + -7 - -16) + 12 - (8 - 1).
16
Evaluate 1 + -14 - (276 + -285).
-4
(93 - 65) + -2 + (-2 - -2 - 3)
23
What is -3 - -13 - ((21 - 31) + (-1 - -8))?
13
What is 1 - 2 - (12 - (-2 + 21))?
6
What is the value of 23 + (-8 - (5 - 1 - (-49 - -60)))?
22
Evaluate 0 - (0 + -10 + (2 - 3)).
11
Calculate (14 - 29 - (-2 + -4)) + 13.
4
Calculate 2 + (-8 + 5 + -4 - -10).
5
What is the value of 42 + -33 - (4 - 0 - -6)?
-1
Calculate 7 - (11 + (-5 - (-6 - -10))) - 2.
3
5 + -3 - -4 - (16 - (-4 + 15))
1
Calculate 8 - (4 - (-11 + 9 + 2 + 6)).
10
What is (8 + -7 - 4) + -4 + (1 - 0)?
-6
What is 0 - (4 + (7 - (-11 - -5) - 2))?
-15
(-10 - -8) + (4 - (-1 - -8))
-5
What is 1 + -5 + 37 + -38 - -16?
11
What is the value of -30 - (-19 - (-4 - -27))?
12
Calculate -17 + 19 + -3 + (-2 - (-2 + -6)).
5
Calculate 2 + -11 - (21 - (0 + 21)).
-9
Evaluate (-9 + (-5 - -6) - -7) + 0.
-1
What is the value of (-16 - -1) + (1 - (-1 - (-3 + 2)))?
-14
Calculate -15 - (16 + -18 + 23 + -10).
-26
-20 + (-40 - -26) + 19
-15
Calculate 2 - (1 + -2) - (-14 + (-14 - -28)).
3
What is 0 + (-1 - (7 + -7 + -14))?
13
3 - (-1 + (8 - 13))
9
-1 + -24 - (32 + (51 - 90))
-18
Calculate -14 - (-8 + (-5 + -5 - -15)).
-11
Evaluate -12 + 0 - (-39 - (4 + -43)).
-12
Calculate (2 - -8) + -28 - (-9 - 0).
-9
0 + 22 + (-50 - -45)
17
Evaluate -4 - (-3 - 1 - (-4 - -17 - 20)).
-7
What is the value of -26 - -13 - -8 - (5 - (6 - 4))?
-8
Calculate (-6 + (4 - 2) - -4) + (-5 - -8).
3
-13 + 4 + (8 - 4) + -14 + -2
-21
Evaluate -55 - -52 - (3 - (11 - -3)).
8
What is 32 + (-28 - (38 + -38))?
4
What is -19 - (0 - (14 - (-2 + 14 - 4)))?
-13
Calculate (17 - (-25 - -25)) + -14.
3
What is the value of 5 + -1 + 0 + 8 + 0?
12
What is 21 + (10 - 18) - 27 - (-4 - -2)?
-12
Evaluate 16 + -45 + 2 + 17.
-10
What is (-167 - -149) + 27 + -2?
7
Calculate -240 + 234 + 3 + -30.
-33
Evaluate -7 + -6 + 6 - -5 - 12.
-14
What is the value of 0 + 7 + -4 + -2 + 5 - 13?
-7
What is the valu